ppose u*f - 10 = 2. Let j be f/9*-6 + 59. What is the highest common divisor of j and 5?
5
Let r be 6/(-10) + 1 + (-1848)/(-105). Let z(b) = b**3 + 7*b**2 - 8*b + 3. Let l be z(-8). Calculate the greatest common factor of l and r.
3
Suppose -107*q + 110*q = 12. What is the highest common factor of q and 24?
4
Let o = -2962 + 3109. Calculate the greatest common divisor of 392 and o.
49
Let d(k) = 17*k**2 - 56*k - 8. Let j be d(8). Calculate the greatest common divisor of 2 and j.
2
Let g be ((-4)/3)/((-22)/33). Suppose -5*f + g*u + 145 + 74 = 0, u + 87 = 2*f. Calculate the highest common divisor of f and 9.
9
Let o be 3/3*0/(-9). Suppose o = 4*m - 11*m + 441. Calculate the highest common factor of 9 and m.
9
Let m = -43 + 53. Suppose 15*y - 105 = m*y. What is the greatest common divisor of y and 84?
21
Let n be (-2)/3 + 40/6. Let t = 479 + -449. What is the greatest common factor of t and n?
6
Let r = -54 - -75. Let v(b) = -5*b**2 + 90. Let a(y) = y**2 - 1. Let f(x) = 6*a(x) + v(x). Let q be f(0). What is the greatest common factor of r and q?
21
Suppose -7 = -k - 0. Suppose k = -3*s + 2*c + 3*c, 11 = s + 5*c. Let i be (-2)/(-11) - 7/((-77)/75). What is the greatest common factor of s and i?
1
Let x(u) = 93*u + 45. Let h be x(9). What is the greatest common divisor of 14 and h?
14
Suppose 0 = -g + 2*g - 9. Suppose -4*w + 2*w + 98 = 0. Let v = w - 31. Calculate the greatest common divisor of g and v.
9
Let o(k) = 2*k**3 + 5*k**2 - 4*k + 26. Let p be o(0). What is the highest common factor of 4 and p?
2
Suppose 958 = 2*z - z + 4*o, -2*o + 4772 = 5*z. What is the greatest common divisor of z and 18?
18
Let r be ((-6)/18)/(2/(-162)). What is the greatest common divisor of 54 and r?
27
Let k be (7 - 2) + (0 - 1). Suppose 0 = -7*t + k*t + 117. Suppose 0 = -p + 3*d + d - 7, d - 31 = -2*p. What is the greatest common factor of t and p?
13
Suppose -9*k = -13*k + 584. Suppose 5*v + k = 456. Let j = v - 17. Calculate the greatest common divisor of 5 and j.
5
Let t = -1384 - -1390. Calculate the greatest common divisor of t and 10.
2
Let k = -1042 + 1130. Calculate the greatest common divisor of 64 and k.
8
Let n be (-1)/((-12)/129)*76. Calculate the highest common factor of n and 19.
19
Suppose 0 = w + 59*w - 600. Calculate the highest common factor of 32 and w.
2
Suppose x - 59 = -11. Let l be (-5)/(10/(-8)) + 0. Suppose 41 + 23 = l*d. What is the highest common divisor of d and x?
16
Let i(j) = -j**3 + j**2 + j + 2. Let k = 21 - 21. Let m be i(k). Suppose m*p + 0*w = -2*w + 20, 2*w + 4 = 0. What is the greatest common factor of 2 and p?
2
Suppose 0 = 5*a + 2*t - 3, 0 = a - 8*t + 6*t - 3. What is the highest common divisor of 65 and a?
1
Suppose -3*h + 13*f = 8*f - 215, 2*f = -3*h + 250. Let c be 16/3 + (-2)/6. Suppose c*v - 24 = 56. Calculate the greatest common divisor of h and v.
16
Let k be (-12)/5*60/12. Let d be 45/6 + k/(-8). Suppose -5*h + 493 - 78 = 5*s, -s + 2 = 0. Calculate the highest common divisor of d and h.
9
Suppose -16 = 2*p - 4*p. Let a = p + -4. Suppose a*d - 30 = 2*d. What is the highest common divisor of 165 and d?
15
Let z(r) = 109*r**2 - 18*r - 20. Let g be z(-1). What is the highest common factor of 2354 and g?
107
Let u(c) = -11*c**3 - 4*c**2 - 10. Let w be u(-5). What is the highest common factor of 110 and w?
55
Suppose -3*t = -6 - 6. Suppose -t*j + 6 + 14 = 0. Suppose -j*q + 25 = -250. Calculate the highest common divisor of q and 22.
11
Let c = -70 - -84. Suppose -4*h = -14 - c. Let g = 7 - 0. Calculate the greatest common divisor of g and h.
7
Let z(o) = -8*o - 10. Let i be z(-10). Suppose -5*j + i = -65. Calculate the highest common factor of j and 9.
9
Let j be ((-36)/14)/(-6*3/(-84)). Let i be (-1670)/(-60) - 2/j. Let n = 5 - -2. Calculate the greatest common divisor of n and i.
7
Suppose -25*z + 28*z - 270 = 0. Let m be ((-4)/6)/((-2)/z). Calculate the greatest common factor of 15 and m.
15
Suppose -145 - 7 = -4*a. Let u(d) = 3*d**2 - 25*d + 7. Let l be u(10). What is the greatest common divisor of l and a?
19
Let a = 1604 + -1379. What is the highest common divisor of 165 and a?
15
Suppose -19*j + 5 = -18*j. What is the greatest common factor of j and 55?
5
Suppose 5*h + 400 = 25*h. Calculate the highest common divisor of h and 5.
5
Suppose -17*s + 18*s + 72 = 0. Let u be 9/(s/20)*29*-2. What is the highest common divisor of u and 29?
29
Suppose -3*n + 5*p = -7*n + 36, 4*p = -2*n + 18. Suppose -73 - 44 = -n*z. Calculate the highest common divisor of 104 and z.
13
Suppose 7*y = 15*y - 3584. What is the highest common factor of 7 and y?
7
Let j(o) = 95*o**2 + 6*o + 43. Let k be j(-8). What is the greatest common factor of 25 and k?
25
Suppose 9*j = 2066 + 994. Calculate the greatest common factor of 20 and j.
20
Suppose -1572 + 417 = -5*v. Calculate the highest common factor of v and 21.
21
Let r be -7 + 3 + 7 + 1*27. Suppose 87*h = 89*h - r. Calculate the greatest common divisor of h and 15.
15
Suppose -2*p + 835 = -7*p. Let a = -87 - p. Let h(q) = -13*q**2 - 144*q - 1. Let x be h(-11). Calculate the highest common factor of x and a.
10
Let f be (-2)/7 - 9448/56. Let z = -148 - f. Calculate the highest common divisor of z and 63.
21
Let k = 31 + 254. Suppose -5 = 4*r - k. Let u be 1 - -13*(3 + (-2 - 0)). What is the greatest common divisor of r and u?
14
Let f = -110 + 114. Let o = f - -25. Calculate the greatest common factor of o and 232.
29
Suppose 0 = -2*o + 5*u - 20, 0 = 4*o + o - 2*u + 29. Let m be (-162)/o*(-200)/(-12). Suppose 25*x = 20*x + m. Calculate the greatest common factor of 12 and x.
12
Let a = 3 - 1. Suppose 24*g + t = 31*g - 161, 30 = 2*g + 2*t. Calculate the highest common divisor of a and g.
2
Let y be 1/((-1)/20*-4). What is the greatest common factor of y and 35?
5
Let o(t) be the second derivative of t**3/6 - 7*t**2 - t. Let k be o(6). Let x = k - -21. What is the greatest common factor of 117 and x?
13
Suppose 3*a + 4*l + 195 = 0, -5*a + 0*a - l = 325. Let c = 68 + a. What is the greatest common factor of c and 7?
1
Let c = 131 - 116. Suppose c*m = 4*m + 264. Calculate the highest common divisor of 6 and m.
6
Suppose 15*q - 10*q - 20 = 0. Suppose j + 4*h = 144, -q*j + 0*j - 4*h = -540. Calculate the highest common factor of j and 22.
22
Suppose 0 = -0*b - 2*b. Let z(q) = -11*q**3 + 3*q + 2. Let d be z(-1). Let y = d - b. Calculate the greatest common divisor of 5 and y.
5
Suppose -181 - 17 = -9*q. What is the greatest common divisor of 550 and q?
22
Suppose 3*c = 6*c + 2*z - 27, -3*z - 19 = -4*c. What is the greatest common divisor of 11 and c?
1
Let l be (-1)/(-5) + 9108/60. Let u = -41 + 60. Calculate the greatest common factor of l and u.
19
Suppose 0 = -73*n + 19*n + 6804. What is the highest common factor of 63 and n?
63
Suppose -4*n + 16 + 8 = 0. Suppose t = n + 36. Let a(s) = -s**3 - 7*s**2 - 4*s. Let j be a(-7). What is the highest common factor of j and t?
14
Suppose 4*r + 576 + 381 = 5*u, 0 = -3*u - 3*r + 558. Let k(l) = 36 - 40 + 16 - 3*l. Let p be k(-5). What is the greatest common factor of u and p?
27
Suppose 2*d - 6 = 0, 2*z - d + 15 = 6. Let s be 52 + 1*(-12)/z. Calculate the highest common divisor of s and 7.
7
Suppose -50*y = -11*y - 67821. Calculate the highest common divisor of 37 and y.
37
Let o be 2/(-3) + 772/6. Suppose 5*u - 76 = 4*x, -3*u = -4*x + x - 45. Suppose d - 2*m - 18 = -2, d = m + u. Calculate the greatest common divisor of o and d.
16
Let i(g) = -g**2 + 7*g + 2. Let d be i(4). Suppose 6*m = 4*m + 308. What is the highest common divisor of d and m?
14
Let t(g) = -7*g**2 - g + 2. Let i be t(2). Let x be i/70 + 404/10. Calculate the highest common divisor of 8 and x.
8
Let d = 197 - 107. Let s = -26 + 31. Suppose s*k - 38 = 52. What is the greatest common divisor of k and d?
18
Suppose -3*p + 564 + 354 = 0. Suppose -6*t - p = -12*t. Calculate the greatest common factor of 17 and t.
17
Let g be 38/14 + (-4)/(-14). Suppose x + 4*q - 12 = 2*x, -2*x = g*q + 13. Let f be 6/x - (-77)/44. Calculate the greatest common divisor of 1 and f.
1
Suppose 6*w - 250 = 38. What is the greatest common divisor of w and 42?
6
Let c = -529 - -2290. Suppose -5*s + c - 331 = 0. What is the highest common factor of s and 26?
26
Let v be 9/12 - 3822/(-56). Calculate the greatest comm